{"id":211,"date":"2008-11-27T17:08:54","date_gmt":"2008-11-27T15:08:54","guid":{"rendered":"http:\/\/ballonsupermarkt-onlineshop.de\/blog\/?page_id=211"},"modified":"2024-03-21T13:03:29","modified_gmt":"2024-03-21T12:03:29","slug":"ballongruse-weihnachtsgruse","status":"publish","type":"page","link":"https:\/\/www.ballonsupermarkt-onlineshop.de\/blog\/ballongruse-weihnachtsgruse\/","title":{"rendered":"Ballongr\u00fc\u00dfe, Weihnachtsgr\u00fc\u00dfe"},"content":{"rendered":"<p><strong>Weihnachtsgr\u00fc\u00dfe mit Nikolaus-Luftballons! Das sind die sch\u00f6nsten Gr\u00fc\u00dfe und Geschenke zum Nikolaus und zu Weihnachten, die sich Kinder w\u00fcnschen. Der <a title=\"Der Ballonsupermarkt-Onlineshop versendet die sch\u00f6nsten Weihnachtsgr\u00fc\u00dfe mit Luftballons Nikolaus\" href=\"https:\/\/www.ballonsupermarkt-onlineshop.de\">Ballonsupermarkt-Onlineshop<\/a> versendet sehr sch\u00f6ne <a title=\"weihnachtliche Luftballons, Nikolaus-Ballons\" href=\"http:\/\/www.helium-gas.de\/html\/ballons_weihnachten.html\">weihnachtliche Luftballons<\/a> in extra hierf\u00fcr hergestellten wei\u00dfen Kartons. Die <a title=\"schwebende Nikolausballons\" href=\"http:\/\/ballonshop.biz\/html\/weihnachten_ballons.html\">schwebenden Nikolausballons<\/a> werden hierin verschickt. Wenn der Weihnachtskarton ge\u00f6ffnet wird, schwebt der <a title=\"Weihnachtsmann Luftballons\" href=\"http:\/\/www.ballonsupermarkt.de\/html\/folienballons_weihnachten.html\">Weihnachtsmann<\/a>, oder der <a title=\"Nikolaus Ballons\" href=\"http:\/\/highlightballoons.org\/2008\/11\/13\/luftballons-zu-weihnachten-finden-oder-suchen-der-nikolaus-findet-luftballons\/\">Nikolaus<\/a> heraus und w\u00fcnscht ein fr\u00f6hliches &#8222;Frohe Weihnachten.&#8220;<\/strong><\/p>\n<p><strong><a title=\"Weihnachten mit Luftballons\" href=\"http:\/\/highlightballoons.org\/2008\/11\/12\/48\/\">Weihnachten mit Luftballons<\/a><\/strong><\/p>\n<p><strong><a title=\"Der Nikolaus darf die Weihnachtsballons nicht vergessen \" href=\"..\/2007\/12\/07\/was-der-nikolaus-vergas-macht-beim-christkind-noch-mehr-spas\/\">Der Nikolaus darf diesmal <span style=\"text-decoration: underline;\">nicht<\/span> die Weihnachtsballons vergessen!<\/a> <a title=\"Mit Luftballons und Helium feiern Sie wundersch\u00f6ne Weihnachtsfeste \" href=\"https:\/\/www.ballonsupermarkt-onlineshop.de\/shopdata\/Jahresthemen\/Weihnachten\/Ballons+=26amp=3B+Helium+Sets+=22Weihnachten=22\/product_overview.shopscript\"> Mit Luftballons und Helium feiern Sie wundersch\u00f6ne Weihnachtsfeste<\/a>. <a title=\"Weihnachtsdekoration mit Luftballons: Das das so sch\u00f6n sein kann \" href=\"https:\/\/www.ballonsupermarkt-onlineshop.de\/shopdata\/Jahresthemen\/Weihnachten\/Weihnachtsdekoration\/product_overview.shopscript\"> Weihnachtsdekoration mit Luftballons: Das das so sch\u00f6n sein kann!<\/a><\/strong><\/p>\n<p><a href=\"https:\/\/www.ballonsupermarkt-onlineshop.de\/shopdata\/Jahresthemen\/Weihnachten\/Weihnachten+mit+Luftballons\/product_overview.shopscript\"><img decoding=\"async\" style=\"border: 0px solid;\" title=\"Weihnachten Luftballons\" src=\"\/shopdata\/smimages\/14\/catalog_478_WeihnachtenmitLuftballons_270x200.jpg\" alt=\"Weihnachten Luftballons\" \/><\/a><br \/>\n<strong><a href=\"..\/..\/shopdata\/Jahresthemen\/Weihnachten\/Weihnachten+mit+Luftballons\/product_overview.shopscript\">Weihnachten Luftballons<\/a><\/strong><\/p>\n<p><a href=\"..\/..\/shopdata\/Jahresthemen\/Weihnachten\/Weihnachtsdekoration\/product_overview.shopscript\"><img decoding=\"async\" style=\"border: 0px solid;\" title=\"Weihnachtsdekoration\" src=\"..\/..\/shopdata\/smimages\/14\/catalog_462_Weihnachtsdekoration_300x200.jpg\" alt=\"Weihnachtsdekoration\" \/><\/a><br \/>\n<strong><a href=\"..\/..\/shopdata\/Jahresthemen\/Weihnachten\/Weihnachtsdekoration\/product_overview.shopscript\">Weihnachtsdekoration<\/a><\/strong><\/p>\n<p><strong><span style=\"font-size: x-small; color: #000000;\">Luftballons zu Weihnachten sind hier sehr originell!<\/span><\/strong><\/p>\n<p><strong><span style=\"font-size: x-small; color: #000000;\">Partydekoration zu  Silvester mit Ballons: Das ist toll, super, originell.<\/span><\/strong> <strong><a title=\"Feiern Sie Silvester mit Ballons!\" name=\"silvester-mit-ballons\" href=\"http:\/\/ballonsupermarkt.de\/html\/sylvester_mit_ballons.html\"><span style=\"font-size: x-small; color: #000000;\">Feiern Sie Silvester mit Ballons!<\/span><\/a><\/strong><\/p>\n<div style=\"font-family: Helvetica,Arial,sans-serif; color: #ffffff;\">\n<div style=\"font-size: smaller;\"><strong> <a title=\"Weihnachtsgr\u00fc\u00dfe, Weihnachtsgl\u00fcckw\u00fcnsche mit Luftballons, Nikolaus-Ballons\" href=\"https:\/\/www.ballonsupermarkt-onlineshop.de\/shopdata\/0020_Folienballons\/0010_Folienballons+im+Karton\/0020_Kleiner+Karton\/0050_Weihnachtsgl=FCckw=FCnsche+=28Kleiner+Karton=29\/product_overview.shopscript\"> <span style=\"font-size: x-small; color: #000000;\">Weihnachtsgl\u00fcckw\u00fcnsche (Kleiner Karton)<\/span><\/a><\/strong><\/div>\n<div style=\"font-family: Helvetica,Arial,sans-serif; color: #ffffff;\">\n<div style=\"font-size: smaller;\"><strong> <a title=\"Weihnachtsgr\u00fc\u00dfe, Weihnachtsgl\u00fcckw\u00fcnsche mit Luftballons, Nikolaus-Ballons, Ballons im Karton\" href=\"https:\/\/www.ballonsupermarkt-onlineshop.de\/shopdata\/0020_Folienballons\/0010_Folienballons+im+Karton\/0030_Mittlerer+Karton\/0040_Weihnachtsgl=FCckw=FCnsche+=28Mittlerer+Karton=29\/product_overview.shopscript\"> <span style=\"font-size: x-small; color: #000000;\">Weihnachtsgl\u00fcckw\u00fcnsche (Mittlerer Karton)<\/span><\/a><\/strong><\/div>\n<div style=\"font-size: smaller;\">\n<div style=\"font-family: Helvetica,Arial,sans-serif; color: #ffffff;\">\n<p style=\"font-size: smaller;\"><strong> <a title=\"Weihnachtsgr\u00fc\u00dfe und Weihnachtsgl\u00fcckw\u00fcnsche mit Luftballons, Weihnachtsballons, Nikolaus-Ballons\" href=\"https:\/\/www.ballonsupermarkt-onlineshop.de\/shopdata\/0020_Folienballons\/0010_Folienballons+im+Karton\/0040_Gro=DFer+Karton\/0020_Weihnachtsgl=FCckw=FCnsche+=28Gro=DFer+Karton=29\/product_overview.shopscript\"> <span style=\"font-size: x-small; color: #000000;\">Weihnachtsgl\u00fcckw\u00fcnsche (Gro\u00dfer Karton)<\/span><\/a><\/strong><\/p>\n<p style=\"font-size: smaller;\"><strong> <a title=\"Luftballons aus Folie zu Weihnachten und Nikolaus, Weihnachtsgr\u00fc\u00dfe, Weihnachtsgesenke, Geschenke zum Nikolaus\" href=\"https:\/\/www.ballonsupermarkt-onlineshop.de\/shopdata\/0020_Folienballons\/0020_Folienballons++=28heliumgef=FCllt=29\/0100_Folienballons+=22Weihnachten=22\/product_overview.shopscript\"> <span style=\"font-size: x-small; color: #000000;\">Folienballons &#8222;Weihnachten&#8220;<\/span><\/a><\/strong><\/p>\n<p style=\"font-size: smaller;\"><strong> <a title=\"Weihnachtsballons mit dem Helium-Einwegbeh\u00e4lter\" href=\"https:\/\/www.ballonsupermarkt-onlineshop.de\/shopdata\/0040_Jahresthemen\/0010_Weihnachten\/0050_Weihnachtsballons+mit+dem+Helium-Einwegbeh=E4lter\/product_overview.shopscript\"> <span style=\"font-size: small; color: #000000;\">Weihnachtsballons mit dem Helium-Einwegbeh\u00e4lter<\/span><\/a><\/strong><\/p>\n<\/div>\n<\/div>\n<\/div>\n<\/div>\n","protected":false},"excerpt":{"rendered":"<p>Weihnachtsgr\u00fc\u00dfe mit Nikolaus-Luftballons! Das sind die sch\u00f6nsten Gr\u00fc\u00dfe und Geschenke zum Nikolaus und zu Weihnachten, die sich Kinder w\u00fcnschen. Der Ballonsupermarkt-Onlineshop versendet sehr sch\u00f6ne weihnachtliche Luftballons in extra hierf\u00fcr hergestellten wei\u00dfen Kartons. Die schwebenden Nikolausballons werden hierin verschickt. Wenn der Weihnachtskarton ge\u00f6ffnet wird, schwebt der Weihnachtsmann, oder der Nikolaus heraus und w\u00fcnscht ein fr\u00f6hliches &#8222;Frohe [&hellip;]<\/p>\n","protected":false},"author":1,"featured_media":0,"parent":0,"menu_order":0,"comment_status":"open","ping_status":"closed","template":"","meta":{"footnotes":""},"class_list":["post-211","page","type-page","status-publish","hentry"],"aioseo_notices":[],"_links":{"self":[{"href":"https:\/\/www.ballonsupermarkt-onlineshop.de\/blog\/wp-json\/wp\/v2\/pages\/211","targetHints":{"allow":["GET"]}}],"collection":[{"href":"https:\/\/www.ballonsupermarkt-onlineshop.de\/blog\/wp-json\/wp\/v2\/pages"}],"about":[{"href":"https:\/\/www.ballonsupermarkt-onlineshop.de\/blog\/wp-json\/wp\/v2\/types\/page"}],"author":[{"embeddable":true,"href":"https:\/\/www.ballonsupermarkt-onlineshop.de\/blog\/wp-json\/wp\/v2\/users\/1"}],"replies":[{"embeddable":true,"href":"https:\/\/www.ballonsupermarkt-onlineshop.de\/blog\/wp-json\/wp\/v2\/comments?post=211"}],"version-history":[{"count":1,"href":"https:\/\/www.ballonsupermarkt-onlineshop.de\/blog\/wp-json\/wp\/v2\/pages\/211\/revisions"}],"predecessor-version":[{"id":3070,"href":"https:\/\/www.ballonsupermarkt-onlineshop.de\/blog\/wp-json\/wp\/v2\/pages\/211\/revisions\/3070"}],"wp:attachment":[{"href":"https:\/\/www.ballonsupermarkt-onlineshop.de\/blog\/wp-json\/wp\/v2\/media?parent=211"}],"curies":[{"name":"wp","href":"https:\/\/api.w.org\/{rel}","templated":true}]}}