{"id":26,"date":"2007-08-23T11:08:45","date_gmt":"2007-08-23T09:08:45","guid":{"rendered":"http:\/\/www.ballonsupershop.de\/blog\/?page_id=26"},"modified":"2024-03-21T12:15:38","modified_gmt":"2024-03-21T11:15:38","slug":"alle-suchen-billige-luftballons","status":"publish","type":"page","link":"https:\/\/www.ballonsupermarkt-onlineshop.de\/blog\/alle-suchen-billige-luftballons\/","title":{"rendered":"Sie suchen billige Luftballons?"},"content":{"rendered":"<p>Haben wir denn nun zu wenig Geld? Geht es uns denn schon sooooooo schlecht? Warum muss denn immer alles so billig sein? Manche Konsumg\u00fcter, vorwiegend diejenigen aus Fernost, sind ja derartig billig, dass man meint&#8230;&#8230;&#8230; es ist schon fast geschenkt. Aber die alten Weisheiten, die uns geschickter durch das Leben f\u00fchren, ignorieren wir vor lauter Billig-Gl\u00fcck! Da hei\u00dft es doch: Einem geschenkten Gaul schaut man nicht in&#8217;s Maul. Das ist bestimmt auch besser so. Jedoch&#8230;. geschenkt ist kostenlos!<\/p>\n<p>Wenn aber f\u00fcr das Geschenk zus\u00e4tzlich noch ein gewisser Preis verlangt wird? Ist da nicht Vorsicht geboten? Sollten die verk\u00fcmmerten Instinkte uns denn so im Stich lassen?<\/p>\n<p>Sie kaufen billige Ballons in einem Billigladen. 10 St\u00fcck f\u00fcr nur 1.-\u20ac. Welch ein Schn\u00e4ppchen. Auf der Verpackung sind nat\u00fcrlich keine Angaben \u00fcber die Gr\u00f6\u00dfe der Ballons. Qualit\u00e4tsangaben zur Heliumtauglichkeit? Fehlanzeige. Egal, Sie kaufen 100 St\u00fcck. Jetzt m\u00fcssen Sie nur noch billiges Helium besorgen. Wenn Sie nur irgendwo Helium finden k\u00f6nnten, das vielleicht mit Sauerstoff oder preiswerteren Gasen vermischt wurde. Das billigste Helium kann man vielleicht bei irgend so einer Ich-AG im Internet ersteigern. Es gibt da so ein Versteigerungsportal! Die haben vielleicht billige Preise! Schlie\u00dflich wollen Sie ja kein Geld ausgeben! Nein sparen m\u00fcssen Sie. Irgendwo haben Sie einmal geh\u00f6rt, dass man durch Sparen reich wird. Und das glauben Sie auch. (Verk\u00fcmmerte Instinkte?)<\/p>\n<p>Jetzt haben Sie es geschafft. Ballons und Helium sind billigst eingekauft. Ihr Event steht an und Sie k\u00f6nnen endlich damit beginnen, Ihren G\u00e4sten zu zeigen welch ein billiger Jakob Sie doch sind:<\/p>\n<p>Die Ballons haben einen viel zu kurzen Hals und lassen sich nur mit au\u00dferordentlichen Anstrengungen verknoten. Die Gr\u00f6\u00dfe der Ballons? Ja nun, sie sind nur ganz klein, die Gr\u00f6\u00dfe eines Handtellers vielleicht. Die Ballons mit Helium gef\u00fcllt? Ja aber die schweben \u00fcberhaupt nicht! Nein doch, der 15., der 27., der 49. und der 77. Ballon schwebt. Wenigstens etwas. Aber wie schade, leider nur f\u00fcr 10 Minuten!<\/p>\n<p>Das ist ein sch\u00f6ner billiger Erfolg. Haben Sie sich jetzt reich gespart?<\/p>\n<p><a title=\"Auch dies kann mit billigen Luftballons passieren\" href=\"http:\/\/www.bild.de\/news\/leserreporter\/leserreporter\/ich-habe-billig-luftballons-aufgeblasen-11717474.bild.html\" target=\"_blank\" rel=\"noopener\">Auch dies kann mit billigen Luftballons passieren<\/a>.<\/p>\n<p><a title=\"Luftballons Helium Qualit\u00e4t\" href=\"https:\/\/www.ballonsupermarkt-onlineshop.de\"><img loading=\"lazy\" decoding=\"async\" style=\"width: 490px; height: 67px;\" title=\"Luftballons und Helium in bester Qualit\u00e4t.\" src=\"http:\/\/www.ballonsupermarkt.de\/assets\/images\/autogen\/a_LogoRahmen3_2.jpg\" alt=\"Luftballons und Helium in bester Qualit\u00e4t.\" width=\"490\" height=\"67\" \/><\/a><\/p>\n<p><img loading=\"lazy\" decoding=\"async\" class=\"alignnone\" title=\"Luftballons billig\" src=\"http:\/\/www.ballonsupermarkt-onlineshop.info\/images\/luftballons-billig.jpg\" alt=\"Luftballons billig, billige Luftballons\" width=\"450\" height=\"451\" \/><\/p>\n<p><a title=\"Luftballons im Fachhandel\" href=\"http:\/\/www.ballonsupermarkt.de\/html\/luftballons__luftballons.html#Luftballons\">Luftballons kauft man im Fachhandel:<\/a><\/p>\n<p><a title=\"Luftballons Latexballons\" href=\"http:\/\/www.ballonsupermarkt.de\/html\/luftballons__latexballons.html#Luftballons\">Latexballons<\/a>. <a title=\"Luftballons Folienballons\" href=\"http:\/\/www.ballonsupermarkt.de\/html\/luftballons__folienballons.html#Luftballons\">Folienballons<\/a>. <a title=\"Zubeh\u00f6r f\u00fcr Luftballons. Ballonzubeh\u00f6r\" href=\"http:\/\/www.ballonsupermarkt.de\/html\/ballonzubehor.html\">Ballonzubeh\u00f6r<\/a>.<\/p>\n<p><a title=\"Ballons Helium Komplett\" href=\"http:\/\/www.ballonsupermarkt.de\/html\/ballons_helium.html\"> Ballons und Helium Sets: Luftballons-Helium-Zubeh\u00f6r-Komplettlieferung.<\/a><\/p>\n<p><a title=\"Ballongas im Fachhandel\" href=\"http:\/\/www.ballonsupermarkt.de\/html\/ballongas.html\">Ballongas kauft man im Fachhandel: Helium in bester Qualit\u00e4t f\u00fcr schwebende Ballons.<\/a><\/p>\n<p><a title=\"Informationen zu Luftballons im Ballonshop\" href=\"https:\/\/www.ballonsupermarkt-onlineshop.de\/blog\/2008\/08\/05\/informationen-im-ballonshop\/\">Informationen im Ballonshop<\/a><\/p>\n<p><a title=\"Sie suchen Luftballons?\" href=\"http:\/\/luftballons-info.biz\/html\/ballonsupermarkt_luftballons.html\">Sie suchen Luftballons?<\/a> <a title=\"Sie suchen Ballons?\" href=\"http:\/\/ballons-im-ballonsupermarkt.de\/html\/ballonsupermarkt.html\">Sie suchen Ballons?<\/a><\/p>\n<p><span style=\"font-size: x-small; color: #000000;\">Ballons<\/span><span style=\"font-size: x-small;\">, <a title=\"Luftballons\" href=\"https:\/\/www.ballonsupermarkt-onlineshop.de\/shopdata\/Latexballons\/product_overview.shopscript\"> <span style=\"color: #000000;\">Luftballons<\/span><\/a>, <a title=\"Ballongase, Heliumgase f\u00fcr Luftballons\" href=\"https:\/\/www.ballonsupermarkt-onlineshop.de\/shopdata\/Ballongas\/product_overview.shopscript\"> <span style=\"color: #000000;\">Ballongas<\/span><\/a>, <a title=\"Ballons und Helium Sets\" href=\"https:\/\/www.ballonsupermarkt-onlineshop.de\/shopdata\/Ballons+=26amp=3B+Helium+Sets\/product_overview.shopscript\"> <span style=\"color: #000000;\">Ballons &amp; Helium Sets<\/span><\/a>, <a title=\"Partydekoration, Partygirlanden, Luftschlangen, Hochzeitsgirlanden, Dekoration zu Hochzeiten und Hochzeitspartys\" href=\"https:\/\/www.ballonsupermarkt-onlineshop.de\/shopdata\/Dekoration\/product_overview.shopscript\"> <span style=\"color: #000000;\">Partydekoration<\/span><\/a> und <a title=\"Partyzubeh\u00f6r\" href=\"https:\/\/www.ballonsupermarkt-onlineshop.de\/shopdata\/Feuerwerk=2C+Kerzen+und+Wunderkerzen\/product_overview.shopscript\"> <span style=\"color: #000000;\">Partyzubeh\u00f6r<\/span><\/a>, <a title=\"Hochzeitsdekoration, Dekorationsartikel zu Hochzeitsfeiern\" href=\"https:\/\/www.ballonsupermarkt-onlineshop.de\/shopdata\/Dekoration\/Dekoration+Liebe+=26amp=3B+Hochzeit\/product_overview.shopscript\"> <span style=\"color: #000000;\">Hochzeitsdekoration<\/span><\/a>, <a title=\"Geburtstagsdekoration, Dekorationsartikel zu Geburtstagen, Geburtstagsgirlanden, Geburtstagsdeko\" href=\"https:\/\/www.ballonsupermarkt-onlineshop.de\/shopdata\/Geburtstag\/Geburtstag\/Geburtstagsdekoration\/product_overview.shopscript\"> <span style=\"color: #000000;\">Geburtstagsdekoration<\/span><\/a> und <a title=\"Kindergeburtstag feiern\" href=\"https:\/\/www.ballonsupermarkt-onlineshop.de\/shopdata\/Geburtstag\/Kindergeburtstag\/Kindergeburtstag+Party-Sets\/product_overview.shopscript\"> <span style=\"color: #000000;\">Kindergeburtstagsartikel<\/span><\/a>, <a title=\"Ballongr\u00fc\u00dfe\" href=\"http:\/\/www.ballonsupermarkt.de\/html\/ballongrusse.html\" target=\"_blank\" rel=\"noopener\"> <span style=\"color: #000000;\">Ballongr\u00fc\u00dfe<\/span><\/a>, <a title=\"Dekoration Hochzeit, Hochzeitsgirlanden, Hochzeitsbanner, Hochzeitsdeko\" href=\"https:\/\/www.ballonsupermarkt-onlineshop.de\/shopdata\/Hochzeit\/Girlanden+=26amp=3Bslash=3B+Banner+=26amp=3B+Deko\/product_overview.shopscript\"> <span style=\"color: #000000;\">Dekoration Hochzeit<\/span><\/a>, <a title=\"Ballondekoration zum Selbermachen, Luftballongirlanden, Spiralen aus Luftballons, Dekorationskugeln aus Luftballons, Hochzeitsdekoration mit Luftballons\" href=\"https:\/\/www.ballonsupermarkt-onlineshop.de\/shopdata\/=22Do+it+yourself=22+Angebote\/product_overview.shopscript\"> <span style=\"color: #000000;\">Ballondekoration<\/span><\/a>, <a title=\"Luftballons mit Helium, Heliumballons zu Hochzeiten\" href=\"https:\/\/www.ballonsupermarkt-onlineshop.de\/shopdata\/=22Do+it+yourself=22+Angebote\/Hochzeit=2C+Herzballons=2C+Ballonb=F6gen\/product_overview.shopscript\"> <span style=\"color: #000000;\">Heliumballons, Luftballons mit Helium zu Hochzeiten<\/span><\/a>, <a title=\"Luftballons mit Helium, Heliumballons zu Karneval und Fasching\" href=\"https:\/\/www.ballonsupermarkt-onlineshop.de\/shopdata\/Jahresthemen\/Karneval\/Luftballons+zu+Karneval+und+Fasching\/product_overview.shopscript\"> <span style=\"color: #000000;\">Heliumballons, Luftballons mit Helium zu Karneval und Fasching<\/span><\/a>, <a href=\"https:\/\/www.ballonsupermarkt-onlineshop.de\/shopdata\/Jahresthemen\/Sylvester\/Silvester+Luftballons\/product_overview.shopscript\"> <span style=\"color: #000000;\">Heliumballons, Luftballons mit Helium Silvester<\/span><\/a>, <a title=\"Luftballons mit Helium, Heliumballons zu Weihnachten, Weihnachtsballons, Nikolaus-Luftballons\" href=\"https:\/\/www.ballonsupermarkt-onlineshop.de\/shopdata\/Jahresthemen\/Weihnachten\/product_overview.shopscript\"> <span style=\"color: #000000;\">Heliumballons, Luftballons mit Helium zu Weihnachten<\/span><\/a>, <a title=\"Luftballons mit Helium, Heliumballons zu Geburtstagen, Geburtstags-Luftballons, Herzlichen Gl\u00fcckwunsch zum Geburtstag mit Luftballons und Ballongr\u00fc\u00dfen\" href=\"https:\/\/www.ballonsupermarkt-onlineshop.de\/shopdata\/Folienballons\/Folienballons++=28heliumgef=FCllt=29\/Folienballons=22Geburtstag=22\/product_overview.shopscript\"> <span style=\"color: #000000;\">Heliumballons, Luftballons mit Helium zu Geburtstagen<\/span><\/a>, <a title=\"Luftballons mit Helium, Heliumballons zu Kindergeburtstagen, Kindergeburtstag und Kindergeburtstagsparty mit Ballondekoration und Luftballons\" href=\"https:\/\/www.ballonsupermarkt-onlineshop.de\/shopdata\/Geburtstag\/Kindergeburtstag\/Kindergeburtstag+Party-Sets+mit+Luftballons\/product_overview.shopscript\"> <span style=\"color: #000000;\">Heliumballons, Luftballons mit Helium zu Kindergeburstagen<\/span><\/a>, <a title=\"Luftballons mit Helium, Heliumballons zu Halloween, Partydekoration, Halloweenparty mit Luftballons Halloween\" href=\"https:\/\/www.ballonsupermarkt-onlineshop.de\/shopdata\/Jahresthemen\/Halloween\/Halloween+Luftballons\/product_overview.shopscript\"> <span style=\"color: #000000;\">Heliumballons, Luftballons mit Helium zu Halloween<\/span><\/a>, <a title=\"Luftballons mit Helium, Heliumballons zu Valentinstag und Liebe, Dekoration zu Liebe und Liebesgr\u00fc\u00dfe mit Luftballons\" href=\"https:\/\/www.ballonsupermarkt-onlineshop.de\/shopdata\/Jahresthemen\/Valentin\/product_overview.shopscript\"> <span style=\"color: #000000;\">Heliumballons, Luftballons mit Helium zu Valentinstag und Liebe<\/span><\/a>, <a title=\"Luftballons mit Helium, Heliumballons zu Ostern\" href=\"https:\/\/www.ballonsupermarkt-onlineshop.de\/shopdata\/Jahresthemen\/Ostern\/product_overview.shopscript\"> <span style=\"color: #000000;\">Heliumballons, Luftballons mit Helium zu Ostern<\/span><\/a>. <a title=\"Luftballons mit Helium, Heliumballons zu Muttertag\" href=\"https:\/\/www.ballonsupermarkt-onlineshop.de\/shopdata\/Jahresthemen\/Muttertag\/product_overview.shopscript\"> <span style=\"color: #000000;\">Heliumballons, Luftballons mit Helium zu Muttertag<\/span><\/a>.<\/span><\/p>\n","protected":false},"excerpt":{"rendered":"<p>Haben wir denn nun zu wenig Geld? Geht es uns denn schon sooooooo schlecht? Warum muss denn immer alles so billig sein? Manche Konsumg\u00fcter, vorwiegend diejenigen aus Fernost, sind ja derartig billig, dass man meint&#8230;&#8230;&#8230; es ist schon fast geschenkt. Aber die alten Weisheiten, die uns geschickter durch das Leben f\u00fchren, ignorieren wir vor lauter [&hellip;]<\/p>\n","protected":false},"author":1,"featured_media":0,"parent":0,"menu_order":0,"comment_status":"open","ping_status":"closed","template":"","meta":{"footnotes":""},"class_list":["post-26","page","type-page","status-publish","hentry"],"aioseo_notices":[],"_links":{"self":[{"href":"https:\/\/www.ballonsupermarkt-onlineshop.de\/blog\/wp-json\/wp\/v2\/pages\/26","targetHints":{"allow":["GET"]}}],"collection":[{"href":"https:\/\/www.ballonsupermarkt-onlineshop.de\/blog\/wp-json\/wp\/v2\/pages"}],"about":[{"href":"https:\/\/www.ballonsupermarkt-onlineshop.de\/blog\/wp-json\/wp\/v2\/types\/page"}],"author":[{"embeddable":true,"href":"https:\/\/www.ballonsupermarkt-onlineshop.de\/blog\/wp-json\/wp\/v2\/users\/1"}],"replies":[{"embeddable":true,"href":"https:\/\/www.ballonsupermarkt-onlineshop.de\/blog\/wp-json\/wp\/v2\/comments?post=26"}],"version-history":[{"count":3,"href":"https:\/\/www.ballonsupermarkt-onlineshop.de\/blog\/wp-json\/wp\/v2\/pages\/26\/revisions"}],"predecessor-version":[{"id":3041,"href":"https:\/\/www.ballonsupermarkt-onlineshop.de\/blog\/wp-json\/wp\/v2\/pages\/26\/revisions\/3041"}],"wp:attachment":[{"href":"https:\/\/www.ballonsupermarkt-onlineshop.de\/blog\/wp-json\/wp\/v2\/media?parent=26"}],"curies":[{"name":"wp","href":"https:\/\/api.w.org\/{rel}","templated":true}]}}